{"id":84,"date":"2024-06-27T16:47:25","date_gmt":"2024-06-27T16:47:25","guid":{"rendered":"https:\/\/alionlife.com\/wordpress\/?page_id=84"},"modified":"2025-03-18T07:34:40","modified_gmt":"2025-03-18T07:34:40","slug":"about","status":"publish","type":"page","link":"https:\/\/alionlife.com\/wordpress\/","title":{"rendered":"About"},"content":{"rendered":"\n<div class=\"wp-block-media-text is-stacked-on-mobile\" style=\"grid-template-columns:31% auto\"><figure class=\"wp-block-media-text__media\"><img loading=\"lazy\" decoding=\"async\" width=\"1024\" height=\"1024\" src=\"https:\/\/alionlife.com\/wordpress\/wp-content\/uploads\/2025\/03\/AlionLife_CT_activation_03.png\" alt=\"\" class=\"wp-image-135 size-full\" srcset=\"https:\/\/alionlife.com\/wordpress\/wp-content\/uploads\/2025\/03\/AlionLife_CT_activation_03.png 1024w, https:\/\/alionlife.com\/wordpress\/wp-content\/uploads\/2025\/03\/AlionLife_CT_activation_03-300x300.png 300w, https:\/\/alionlife.com\/wordpress\/wp-content\/uploads\/2025\/03\/AlionLife_CT_activation_03-150x150.png 150w, https:\/\/alionlife.com\/wordpress\/wp-content\/uploads\/2025\/03\/AlionLife_CT_activation_03-768x768.png 768w, https:\/\/alionlife.com\/wordpress\/wp-content\/uploads\/2025\/03\/AlionLife_CT_activation_03-600x600.png 600w, https:\/\/alionlife.com\/wordpress\/wp-content\/uploads\/2025\/03\/AlionLife_CT_activation_03-100x100.png 100w\" sizes=\"auto, (max-width: 1024px) 100vw, 1024px\" \/><\/figure><div class=\"wp-block-media-text__content\">\n<p>At AlionLife, we are pioneering drug-free mental and physical well-being through C-tactile (CT) nerve activation therapy. Our primary target groups include early adopter health enthusiasts, professional athletes, B2B stakeholders in the sports and health sectors, and healthcare providers engaged in clinical research collaborations across various therapeutic areas.<\/p>\n<\/div><\/div>\n\n\n\n<p>Our CT activation therapy is based on decades of research into the CT mechanism of action, led by pioneering scientists Francis McGlone and H\u00e5kan Olausson, as well as ongoing studies on its health benefits. We also collaborate with physiotherapist Jussi Pellonp\u00e4\u00e4. CT nerves play a key role in stress management (e.g., cortisol regulation) and are linked to neural mechanisms in the insular cortex, which influence the reward system through dopamine and oxytocin mediation. By leveraging this process, our therapy offers a new, natural approach to enhancing mental and physical well-being.<\/p>\n\n\n\n<p>Designed for individuals of all ages, our optimized CT activation therapy promotes stress tolerance, concentration, well-being, mental resilience, and psychophysical balance.<\/p>\n\n\n\n<p class=\"has-text-align-center\"><a href=\"https:\/\/alionlife.com\/wordpress\/?page_id=88\">Contact us<\/a> for more information and exclusive collaboration opportunities!<\/p>\n\n\n\n<p class=\"has-text-align-center\">Read our latest news from <a href=\"https:\/\/alionlife.com\/wordpress\/?page_id=132\" data-type=\"page\" data-id=\"132\">Here<\/a>!<\/p>\n\n\n\n<figure class=\"wp-block-image size-full\"><img loading=\"lazy\" decoding=\"async\" width=\"1023\" height=\"417\" src=\"https:\/\/alionlife.com\/wordpress\/wp-content\/uploads\/2024\/06\/Background_image-2.png\" alt=\"\" class=\"wp-image-96\" srcset=\"https:\/\/alionlife.com\/wordpress\/wp-content\/uploads\/2024\/06\/Background_image-2.png 1023w, https:\/\/alionlife.com\/wordpress\/wp-content\/uploads\/2024\/06\/Background_image-2-300x122.png 300w, https:\/\/alionlife.com\/wordpress\/wp-content\/uploads\/2024\/06\/Background_image-2-768x313.png 768w, https:\/\/alionlife.com\/wordpress\/wp-content\/uploads\/2024\/06\/Background_image-2-600x245.png 600w\" sizes=\"auto, (max-width: 1023px) 100vw, 1023px\" \/><\/figure>\n","protected":false},"excerpt":{"rendered":"<p>At AlionLife, we are pioneering drug-free mental and physical well-being through C-tactile (CT) nerve activation therapy. Our primary target groups include early adopter health enthusiasts, professional athletes, B2B stakeholders in the sports and health sectors, and healthcare providers engaged in clinical research collaborations across various therapeutic areas. Our CT activation therapy is based on decades&#8230;<\/p>\n","protected":false},"author":1,"featured_media":0,"parent":0,"menu_order":0,"comment_status":"closed","ping_status":"closed","template":"","meta":{"_kad_post_transparent":"","_kad_post_title":"","_kad_post_layout":"","_kad_post_sidebar_id":"","_kad_post_content_style":"","_kad_post_vertical_padding":"","_kad_post_feature":"","_kad_post_feature_position":"","_kad_post_header":false,"_kad_post_footer":false,"_kad_post_classname":"","footnotes":""},"class_list":["post-84","page","type-page","status-publish","hentry"],"_links":{"self":[{"href":"https:\/\/alionlife.com\/wordpress\/index.php?rest_route=\/wp\/v2\/pages\/84","targetHints":{"allow":["GET"]}}],"collection":[{"href":"https:\/\/alionlife.com\/wordpress\/index.php?rest_route=\/wp\/v2\/pages"}],"about":[{"href":"https:\/\/alionlife.com\/wordpress\/index.php?rest_route=\/wp\/v2\/types\/page"}],"author":[{"embeddable":true,"href":"https:\/\/alionlife.com\/wordpress\/index.php?rest_route=\/wp\/v2\/users\/1"}],"replies":[{"embeddable":true,"href":"https:\/\/alionlife.com\/wordpress\/index.php?rest_route=%2Fwp%2Fv2%2Fcomments&post=84"}],"version-history":[{"count":15,"href":"https:\/\/alionlife.com\/wordpress\/index.php?rest_route=\/wp\/v2\/pages\/84\/revisions"}],"predecessor-version":[{"id":136,"href":"https:\/\/alionlife.com\/wordpress\/index.php?rest_route=\/wp\/v2\/pages\/84\/revisions\/136"}],"wp:attachment":[{"href":"https:\/\/alionlife.com\/wordpress\/index.php?rest_route=%2Fwp%2Fv2%2Fmedia&parent=84"}],"curies":[{"name":"wp","href":"https:\/\/api.w.org\/{rel}","templated":true}]}}